 w(-11). Suppose g = -2*t + 29 - 7. Let q(l) = t - 2 - 6 - l + 2. Give q(4).
1
Suppose -55*y + 75 = -60*y. Let b be 12/4 - y/(-3). Let k(c) be the third derivative of c**5/60 + c**3/6 - c**2. Calculate k(b).
5
Suppose -2*q + 5*a = -23, q - a - 11 = -q. Let b(m) be the second derivative of m**3/6 - m. What is b(q)?
4
Let b(w) = w**3 - 5*w**2 - 7. Suppose -c = -0*c. Let o = 108 - 104. Suppose -g + c - 3 = o*x, -4*g + 2*x + 24 = 0. Calculate b(g).
-7
Suppose 9*m - 14*m = 0. Let d(y) = -y**2 + y - 2. Let k be d(m). Let u be 500/130 - k/13. Let w(f) = f**3 - 4*f**2 + f + 1. Determine w(u).
5
Let c(h) be the second derivative of -1/4*h**4 - 27*h - 1/2*h**2 + 0 + 1/6*h**3 + 1/10*h**5. Calculate c(2).
5
Let d(x) = x - 5. Let h(o) = -11*o**3 + 2*o**2 - o. Let j be h(1). Let n = -33 + 19. Let t = j - n. Give d(t).
-1
Let q(n) = -34*n - n**2 + 66*n + 1 + 7*n - 36*n. Calculate q(-4).
-27
Suppose 0 = 11*m - 85 + 8. Let b(t) = -t + 7. Give b(m).
0
Let u(a) = -a - 1. Let l(o) = -5*o - 10. Let r(j) = 3*j - 4. Let z be r(9). Let k = z + -29. Let h(m) = k*u(m) + l(m). What is h(4)?
0
Let n(k) = 3*k + 1. Let j(b) = 7. Let y(x) = j(x) + 2*n(x). Calculate y(-6).
-27
Let p = -17 - -24. Let m(o) = 3*o**2 + p*o - 2*o**2 - 2*o. Suppose 3*q = -0*q - 18. What is m(q)?
6
Let m(b) = -2*b. Let l be m(-2). Let w(k) be the third derivative of -k**5/30 + k**4/6 + k**3/6 - 6*k**2 + 4*k. Determine w(l).
-15
Let u(g) = g**2 - 5*g - 2. Let t = 70 - 68. Suppose 4*q - t*q = -4*d + 6, -2*d - 15 = -5*q. Determine u(q).
-8
Suppose 70 = -5*i + 60. Let b be (-30)/(-7) - i/(-7). Let u(w) = w**2 - 5. What is u(b)?
11
Let r(v) = v**2 - 4. Suppose -t = -5*t + 12. Suppose -2*a = -3*o - 1, -o = -t*o - 3*a + 21. Calculate r(o).
5
Suppose 3*h - 4*p - 10 = -3, -5*p = h - 15. Suppose -3*q - n = -5 + 2, q = -h*n + 15. Let s(u) = u**3 + u - 1. Give s(q).
-1
Let g(b) = b**2 - 3*b + 1. Let h = -252 + 256. What is g(h)?
5
Let i(g) = -4*g**2 + 6*g + 1. Let y(q) = -4*q**2 + 9*q + 2. Let m(k) = 6*i(k) - 5*y(k). Calculate m(-2).
-2
Let i be (7/2 - 6)*32/(-20). Let k(b) = -2*b**2 + 2*b + 1. Let f(c) = c**2 - c. Let n(m) = 5*f(m) + 2*k(m). Give n(i).
14
Let j(p) be the third derivative of p**8/10080 - p**7/2520 - p**6/720 - p**5/2 - 35*p**2. Let g(z) be the third derivative of j(z). What is g(-1)?
3
Let r(y) = 20*y - 8. Let u(o) = 7*o - 3. Let g(k) = 3*r(k) - 8*u(k). Give g(-4).
-16
Suppose y - 17 = -5*w, 5*y - 3*w = -42 - 13. Let t(u) = -2*u**2 - 19*u - 9. Calculate t(y).
15
Let l(a) = -a**3 + 2*a**2 + 2*a - 2. Let z(t) = -t**3 - 17*t**2 - 28*t + 33. Let x be 1 + -5 - 11/1. Let m be z(x). Determine l(m).
-5
Let g(w) = -3*w**2 - 7*w + 10. Let h(q) = -31 - 3*q**2 + 13*q**2 + 16*q + 5*q. Let p(m) = -7*g(m) - 2*h(m). Calculate p(-8).
0
Suppose 2*q = q - 3*a - 7, 5*q + a - 21 = 0. Suppose q*s = -5*p + 5, -s + 3*p + 2 = -3. Let z(c) = -2 + 3 + 0*c - c**s + c. Calculate z(1).
1
Let t(c) = c**2 + 2*c - 5. Let l = 203 + -207. What is t(l)?
3
Let u(l) = -4*l - 3. Suppose -6 + 10 = 2*r, -13 = b - 3*r. Let h(m) = -13*m - 10. Let z(w) = b*u(w) + 2*h(w). What is z(5)?
11
Let t = 3 - 8. Let o(c) be the first derivative of c**4/12 + 7*c**3/6 + 2*c**2 + 11*c - 11. Let g(i) be the first derivative of o(i). Determine g(t).
-6
Let k(s) = -2 - 18*s - s**2 + s + 0 - 12. Calculate k(-13).
38
Let q(u) = -40*u - 237. Let j be q(-6). Let w(f) = -3*f**2 + 2*f - 3. Calculate w(j).
-24
Let i(b) = 15*b**2 - 7*b + 13. Let m(f) = -7*f**2 + 3*f - 6. Let x(r) = 6*i(r) + 13*m(r). Give x(-7).
-28
Let b(i) = -21*i**3 + 2 - 9 - 2*i + 22*i**3 - i**2 + 6*i**2 - 4*i. Calculate b(-5).
23
Suppose -4*q + 2 = k, -q - 3 = 5*k - 13. Let n(t) be the third derivative of t**4/24 + t**3/6 - t**2 - 16. Determine n(k).
3
Let j(s) = -4*s - 23. Let x(z) = 42*z + 120. Let h be x(-3). Calculate j(h).
1
Let w(g) = -3*g + 29. Let z be w(8). Let b(j) be the third derivative of j**4/12 - j**3/3 - 3*j**2 - 7. Determine b(z).
8
Let h(y) be the first derivative of -y**6/360 - y**5/24 + y**4/4 + 14*y**3/3 + 3. Let t(a) be the third derivative of h(a). Give t(-5).
6
Suppose 17 = -5*x - 8. Let w(y) = -y - 2. Let p(u) = -u - 2. Let m(c) = x*w(c) + 4*p(c). Determine m(6).
8
Let i(h) = 15*h**3 + 25*h**2 + 23*h - 13. Let t(r) = 339*r**3 + 4 - 10 + 11*r - 332*r**3 + 12*r**2. Let c(l) = 6*i(l) - 13*t(l). What is c(-5)?
0
Let o(p) = -7*p + 0*p**2 + 8 - 8 + 2 - 5*p**2. Let t(s) = 11*s**2 + 15*s - 4. Suppose 0*k - 45 = 5*k. Let z(c) = k*o(c) - 4*t(c). Calculate z(-2).
-4
Suppose -m + 0*m + 2*w = 12, -4*w + 12 = 4*m. Let o(g) = -7*g - 2*g**3 - 3*g**2 - g + 6*g - 1. Determine o(m).
7
Let v(b) = -b**3 + 14*b**2 - 23*b - 13. Suppose -4*p + r + 47 = 0, -3*r + 88 - 25 = 5*p. What is v(p)?
-1
Suppose 0 = -11*s - s + 240. Suppose 2*d - s = -4. Let b(o) = 2*o - 12. Give b(d).
4
Let c(h) = -2*h**3 + 5*h**2 - 7*h - 7. Let s(p) = -p**3 + p**2 - p - 1. Suppose 0*d = 9*d + 36. Let n(k) = d*s(k) + c(k). What is n(-2)?
-9
Suppose 3*i + 0*i - 5*t = 6, 2*i + 5*t = 29. Let k(w) = 3 + w + 6 - i. Give k(3).
5
Let f(h) = -h**2 + 6*h + 2. Suppose -3*y + 2*s = 5*s, 20 = 3*y - 2*s. Let d be 18/1*y/(-3). Let o be (d/10)/(4/(-10)). Calculate f(o).
2
Let l(g) = -11*g**2 - 4*g - 42. Let u(b) = -7*b**2 - 3*b - 26. Let a(x) = 5*l(x) - 8*u(x). What is a(-5)?
3
Let g(a) = a**3 + 11*a**2 + 12*a - 19. Let y = -1238 + 1228. Calculate g(y).
-39
Suppose 0 = -3*n + 4 + 11. Let f(p) = -2*p**2 + p - 4 + 0*p**2 + p**2 + 1. Determine f(n).
-23
Let v(s) = -7*s - 3. Let p(n) = -12*n + 57. Let o be p(5). Determine v(o).
18
Let y(l) = -l**2. Let w(c) = -c**3 - 2*c**2 - 8*c - 3. Let t(u) = u**2 - 5*u + 5. Let o be t(2). Let m(d) = o*w(d) - 6*y(d). What is m(-7)?
-4
Let k(i) = 2*i - 27*i**2 + 5*i**2 + 13*i**2 + 39*i**3 - i + 7*i**2. Determine k(1).
38
Suppose 5*u - 10 = 10. Let y(i) = -4*i - 5. Let g(f) = 3*f + 5. Let w(x) = 3*g(x) + 2*y(x). Give w(u).
9
Let i(s) = 14*s**2 + 230*s + 14 - 231*s + 3*s**2 - s**3. Let o be i(17). Let v(u) = u**2 + 5*u - 4. Give v(o).
-10
Suppose 4*b + 4*m - 32 = 0, 6 = -5*b + 2*m + 74. Let z(v) = v**3 - 12*v**2 - 2*v + 6. Calculate z(b).
-18
Let p be 1 + 0 + (3 - 3). Let h be p + 7/(21/6). Suppose -4 = -h*b + 14. Let n(u) = -u**2 + 4*u + 2. What is n(b)?
-10
Let c(r) be the third derivative of -r**4/8 + 7*r**3/3 - 6*r**2 + 40*r. Determine c(6).
-4
Suppose 4*w = -5*n + 3*n + 32, -4*n + 2*w + 14 = 0. Let z(g) = 9 + n*g**2 + 2*g + g**3 + 6 - 7. What is z(-6)?
-4
Let y(h) = -4*h + 3*h - 2 + 6 + 2*h**2 + h**3 + 2*h**2. Suppose -w - 196 = -3*w. Let o be (-4)/(-6) + w/(-21). Give y(o).
8
Suppose 20*p = -5*w + 18*p + 17, -w + 3*p + 17 = 0. Let q(d) = 5*d - 4. Calculate q(w).
21
Let t(x) be the third derivative of 1/60*x**5 + 1/6*x**3 + 5*x**2 + 1/24*x**4 + 0*x + 0. Calculate t(-3).
7
Let t(v) be the first derivative of 39*v**2/2 + 528. Determine t(1).
39
Let c(o) = o**2 - 21*o + 36. Let w be c(19). Let k be 1/w + (91/(-2))/(-13). Let v(y) = y**3 - 2*y**2 - 2. Calculate v(k).
7
Suppose 4*x = -2*d + 2*x + 2, -5*x - 11 = d. Let g(k) = -k**2 + 8*k - 4. Calculate g(d).
12
Let j = -649 + 655. Let f(n) = -n**2 + 4*n + 5. Calculate f(j).
-7
Let h(i) = -3*i**2 - 23*i + 6. Let x(r) be the third derivative of r**5/60 + r**4/3 - r**3/3 - 5*r**2. Let z(y) = -6*h(y) - 17*x(y). What is z(2)?
6
Let s(a) = a**2 + 4*a - 6. Let f be s(-6). Let n(d) = -2 - 5*d**2 + 0*d + d**3 + f + 2*d. Let z(x) = 33*x + 432. Let m be z(-13). Give n(m).
-8
Let w = 0 + 1. Let y(c) = w - 2*c - 6*c + 8*c + 7*c**2. Suppose -5*t + 28 = -3*b, 4*t = -3*b + 22 - 5. Determine y(b).
8
Let p(i) = -i**3 + i - 12. Let y be p(0). Let k = y + 14. Let f(x) = -3*x + 5*x + 3*x - k*x. Calculate f(-2).
-6
Let u(t) = -t**3 + 16*t**2 + 36*t - 6. Let q be u(18). Let y(g) = 3*g + 14. Give y(q).
-4
Let q = 78 - 89. Let w(a) = -a**3 - 10*a**2 + 13*a + 15. Calculate w(q).
-7
Let d(x) = 8*x**2 - x. Suppose -2 + 27 = r. Suppose -4*h = -5*v - 0*h - r, 5*v + 2*h = -55. Let a = 10 + v. Give d(a).
7
Let n(s) be the second derivative of s**4/12 + 27*s**2/2 - 6*s. Let v(r) be the first derivative of n(r). Calculate v(2).
4
Let z = 18 + -23. Let w(c) = 89*c - 1 + 2 - 48*c - 45*c. Give w(z).
21
Let c(f) be the first derivative of f**4/4 + 4*f**3/3 + f**2 + 2*f + 4. Let x(i) = i**3 - 5*i**2 + 2*i - 2. Let h be x(5). Let u = -10 + h. What is c(u)?
6
Suppose 3 - 24 = -7*g. Supp